{"id":24,"date":"2016-11-21T09:46:13","date_gmt":"2016-11-21T09:46:13","guid":{"rendered":"http:\/\/psychotherapie-morawietz.de\/?page_id=24"},"modified":"2023-12-28T10:21:57","modified_gmt":"2023-12-28T10:21:57","slug":"kontakt-und-anfahrt","status":"publish","type":"page","link":"https:\/\/psychotherapie-morawietz.de\/?page_id=24","title":{"rendered":"Kontakt und Anfahrt"},"content":{"rendered":"<p>Telefonisch erreichen Sie mich unter: 07244-2050407, montags bis donnerstags 14-14.30 Uhr.\u00a0Oder schreiben Sie mir eine eMail: praxis(at)psychotherapie-morawietz(dot)de<\/p>\n<p>Meine Praxis finden Sie hier:<br \/>\nHauptstr. 1b<br \/>\n76297 Stutensee-Blankenloch<\/p>\n<p>Im Innenhof befinden sich Parkpl\u00e4tze, bitte beachten Sie die Beschriftung. Die n\u00e4chste Stra\u00dfenbahnhaltestelle ist ca. 350 m entfernt.<\/p>\n","protected":false},"excerpt":{"rendered":"<p>Telefonisch erreichen Sie mich unter: 07244-2050407, montags bis donnerstags 14-14.30 Uhr.\u00a0Oder schreiben Sie mir eine eMail: praxis(at)psychotherapie-morawietz(dot)de Meine Praxis finden Sie hier: Hauptstr. 1b 76297 Stutensee-Blankenloch Im Innenhof befinden sich Parkpl\u00e4tze, bitte beachten Sie die Beschriftung. Die n\u00e4chste Stra\u00dfenbahnhaltestelle ist [&hellip;]<\/p>\n","protected":false},"author":1,"featured_media":0,"parent":0,"menu_order":5,"comment_status":"closed","ping_status":"closed","template":"","meta":{"footnotes":""},"class_list":["post-24","page","type-page","status-publish","hentry","clearfix"],"_links":{"self":[{"href":"https:\/\/psychotherapie-morawietz.de\/index.php?rest_route=\/wp\/v2\/pages\/24","targetHints":{"allow":["GET"]}}],"collection":[{"href":"https:\/\/psychotherapie-morawietz.de\/index.php?rest_route=\/wp\/v2\/pages"}],"about":[{"href":"https:\/\/psychotherapie-morawietz.de\/index.php?rest_route=\/wp\/v2\/types\/page"}],"author":[{"embeddable":true,"href":"https:\/\/psychotherapie-morawietz.de\/index.php?rest_route=\/wp\/v2\/users\/1"}],"replies":[{"embeddable":true,"href":"https:\/\/psychotherapie-morawietz.de\/index.php?rest_route=%2Fwp%2Fv2%2Fcomments&post=24"}],"version-history":[{"count":13,"href":"https:\/\/psychotherapie-morawietz.de\/index.php?rest_route=\/wp\/v2\/pages\/24\/revisions"}],"predecessor-version":[{"id":148,"href":"https:\/\/psychotherapie-morawietz.de\/index.php?rest_route=\/wp\/v2\/pages\/24\/revisions\/148"}],"wp:attachment":[{"href":"https:\/\/psychotherapie-morawietz.de\/index.php?rest_route=%2Fwp%2Fv2%2Fmedia&parent=24"}],"curies":[{"name":"wp","href":"https:\/\/api.w.org\/{rel}","templated":true}]}}